{"id":305,"date":"2020-09-22T11:03:45","date_gmt":"2020-09-22T09:03:45","guid":{"rendered":"https:\/\/www.lufo-info-day.de\/?page_id=305"},"modified":"2020-09-22T11:04:59","modified_gmt":"2020-09-22T09:04:59","slug":"nutzungsbedingungen","status":"publish","type":"page","link":"https:\/\/www.lufo-info-day.de\/index.php\/nutzungsbedingungen\/","title":{"rendered":"Nutzungsbedingungen"},"content":{"rendered":"\n<h4 class=\"wp-block-heading\">1. Urheberrecht und Nutzungsbedingungen<\/h4>\n\n\n\n<p>Die Urheberrechte aller in diesem \u00f6ffentlichen Internet-Angebot (d.h. in dieser Website, Anwendung, App bzw. diesem Social-Media-Kanal) verwendeten urheberrechtlich gesch\u00fctzten Inhalte wie z.B. Bilder, Videos, Abbildungen und Texte liegen, sofern nicht anders angegeben, beim Deutschen Zentrum f\u00fcr Luft- und Raumfahrt e.V. (DLR). So bedeutet z. B. \u201eQuelle: DLR\u201c, dass die Urheberrechte beim Deutschen Zentrum f\u00fcr Luft- und Raumfahrt e.V. (DLR) liegen. Die jeweilig angegebenen Rechteinhaber sind vor der Verwendung des Materials in jedem Einzelfall um Verwendungserlaubnis (Lizenz) anzufragen.<\/p>\n\n\n\n<p>1.a. Erfragen eines Nutzungsrechts, wenn das Urheberrecht beim DLR liegt<\/p>\n\n\n\n<p>Wenn Sie f\u00fcr einen Inhalt dieses \u00f6ffentlichen Internet-Angebots, bei dem das Urheberrecht beim DLR liegt, ein individuelles Nutzungsrecht anfragen m\u00f6chten, wenden Sie sich bitte an:<\/p>\n\n\n\n<p>Deutsches Zentrum f\u00fcr Luft- und Raumfahrt e.V. (DLR)<br>Abteilung Politikbeziehungen und Kommunikation<br>Linder H\u00f6he<br>51147 K\u00f6ln<\/p>\n\n\n\n<p>Telefon: +49 2203 601-2116<br>Telefax: +49 2203 601-3249<br>E-Mail: bildredaktion [at] dlr.de<\/p>\n\n\n\n<p>1.b. Nutzungsrechte f\u00fcr Inhalte, wenn das Urheberrecht nicht beim DLR liegt<\/p>\n\n\n\n<p>Bestimmte Bilder, Videos, Abbildungen oder Texte des \u00f6ffentlichen Internet-Angebots stammen aus anderen Quellen als dem DLR. Bitte wenden Sie sich bez\u00fcglich der jeweiligen Nutzungsbedingungen und der Einholung der Lizenz f\u00fcr die Verwendung an den jeweils angegebenen Rechteinhaber.<br>Bestimmte Bilder, Videos, Abbildungen oder Texte haben mehrere Rechteinhaber. Diese sind entsprechend als von mehreren Rechteinhabern stammend gekennzeichnet. In diesem Fall gelten regelm\u00e4\u00dfig die Nutzungsbedingungen aller in der Quellenangabe genannten Rechteinhaber. In Zweifelsf\u00e4llen wenden Sie sich bitte direkt an alle angegebenen Rechteinhaber.<\/p>\n\n\n\n<h4 class=\"wp-block-heading\">2. Ggf. Creative Commons Lizenz (CC-Lizenz)<\/h4>\n\n\n\n<p>Sofern ausdr\u00fccklich angegeben (z.B. in einer Bildunterschrift, an einem Textabschnitt, unter &#8222;Informationen&#8220; zum jeweiligen Werk), stehen bestimmte Bilder, Videos, Abbildungen und Texte unter einer Creative Commons Lizenz. Es gibt verschiedene Varianten von CC-Lizenzen, die am h\u00e4ufigsten verwendete Variante ist CC-BY (https:\/\/creativecommons.org\/licenses\/by\/3.0\/de\/). Diese bedeutet, Sie d\u00fcrfen das Werk bzw. den Inhalt vervielf\u00e4ltigen, verbreiten und \u00f6ffentlich zug\u00e4nglich machen, Abwandlungen und Bearbeitungen des Werkes bzw. Inhaltes anfertigen und das jeweilige Werk kommerziell nutzen, wenn Sie die im Lizenztext geforderten Rechtehinweise des Lizenzgebers wiedergeben UND den entstandenen Inhalt wiederum unter der gleichen Nutzungslizenz CC-BY 3.0 bereitstellen. Beispiele, wie \u00fcblicherweise die diesbez\u00fcglichen Vorgaben des DLR f\u00fcr einen Inhalt des DLR angezeigt werden: &#8222;Bild: DLR, CC-BY 3.0&#8220;, &#8222;Video: DLR, CC-BY 3.0&#8220;. F\u00fcr eine Beschreibung anderer CC-Lizenzvarianten siehe https:\/\/creativecommons.org\/licenses\/?lang=de.<br>Bilder, Videos, Abbildungen und Texte, die keinen Hinweis auf eine CC-Lizenz besitzen und bei denen nur der betreffende Rechteinhaber als Quelle angegeben ist, (z. B.: &#8220; Quelle: DLR&#8220;), stehen nicht unter CC-Lizenz.<\/p>\n\n\n\n<h4 class=\"wp-block-heading\">3. Nutzung von DLR-Inhalten durch Presse, Rundfunk und Fernsehen<\/h4>\n\n\n\n<p>Inhalte des \u00f6ffentlichen Internet-Angebots, zu denen kein spezieller Hinweis auf eine Nutzungsbedingung angegeben ist, d.h. bei denen wo entweder nichts zur den Nutzungsbedingungen angegeben ist oder bei denen wo das DLR als Quelle angegeben wird ohne Hinweis auf spezifisch geltende Nutzungsbedingungen (Beispiele: &#8222;Bild: DLR&#8220;, &#8222;Video: DLR&#8220;) d\u00fcrfen bei Nennung des DLR als Urheber verwendet werden von Presse, Rundfunk und Fernsehanstalten sowie entsprechenden Internet-Informations-Angeboten. Hiervon ausgenommen sind personenbezogene Daten wie zum Beispiel Fotos oder Videos, auf denen Personen identifizierbar sind oder pers\u00f6nliche Informationen wie Namen, E-Mail-Adressen, etc..<\/p>\n\n\n\n<h4 class=\"wp-block-heading\">4. Keine Einschr\u00e4nkung der Rechte anderer<\/h4>\n\n\n\n<p>Die vom DLR festgelegten Nutzungsbedingungen haben keinerlei Einfluss auf die folgenden Rechte:<\/p>\n\n\n\n<ul class=\"wp-block-list\"><li>Die Rechte, die jedermann wegen der Schranken des Urheberrechts (wie z. B. dem Zitatrecht) oder aufgrund gesetzlicher Erlaubnisse zustehen (in einigen L\u00e4ndern als Doktrin des fair use etabliert)<\/li><li>Das Urheberpers\u00f6nlichkeitsrecht des Rechteinhabers<\/li><li>Rechte anderer Personen, entweder am Lizenzgegenstand selbst oder bez\u00fcglich seiner Verwendung, zum Beispiel die Pers\u00f6nlichkeitsrechte abgebildeter Personen, Markenrechte an dargestellten gesch\u00fctzten Markenzeichen, etc.<\/li><\/ul>\n\n\n\n<h4 class=\"wp-block-heading\">5. Keine Nutzungsrechte f\u00fcr bestimmte Inhalte<\/h4>\n\n\n\n<p>Jedwede Lizenz f\u00fcr die Nutzung urheberrechtlich gesch\u00fctzten Materials, inklusive der Creative-Commons-Lizenz, erstreckt sich nur auf die Nutzung urheberrechtlich gesch\u00fctzten Materials. Nicht hiervon erfasst ist die Erlaubnis zur Nutzung gesch\u00fctzter Markenzeichen, wie z. B. des DLR-Logos und seiner Bestandteile sowie weiterer Elemente der DLR Corporate Identity wie beispielsweise die &#8222;Blaue Erde&#8220;. Das DLR-Logo und seine Bestandteile d\u00fcrfen nicht von Personen, die keine DLR-Mitarbeitenden sind oder denen keine Nutzungserlaubnis seitens des DLR vorliegt, genutzt werden. Jedwede Nutzungserlaubnis zur Nutzung von Marken ist separat beim jeweiligen Inhaber der Markenrechte anzufragen.<\/p>\n","protected":false},"excerpt":{"rendered":"<p>1. Urheberrecht und Nutzungsbedingungen Die Urheberrechte aller in diesem \u00f6ffentlichen Internet-Angebot (d.h. in dieser Website, Anwendung, App bzw. diesem Social-Media-Kanal) verwendeten urheberrechtlich gesch\u00fctzten Inhalte wie z.B. Bilder, Videos, Abbildungen und Texte liegen, sofern nicht anders angegeben, beim Deutschen Zentrum f\u00fcr Luft- und Raumfahrt e.V. (DLR). So bedeutet z. B. \u201eQuelle: DLR\u201c, dass die Urheberrechte beim [&hellip;]<\/p>\n","protected":false},"author":1,"featured_media":0,"parent":0,"menu_order":0,"comment_status":"closed","ping_status":"closed","template":"","meta":{"site-sidebar-layout":"default","site-content-layout":"content-boxed-container","ast-site-content-layout":"default","site-content-style":"default","site-sidebar-style":"default","ast-global-header-display":"","ast-banner-title-visibility":"","ast-main-header-display":"","ast-hfb-above-header-display":"","ast-hfb-below-header-display":"","ast-hfb-mobile-header-display":"","site-post-title":"","ast-breadcrumbs-content":"","ast-featured-img":"","footer-sml-layout":"","ast-disable-related-posts":"","theme-transparent-header-meta":"default","adv-header-id-meta":"","stick-header-meta":"default","header-above-stick-meta":"","header-main-stick-meta":"","header-below-stick-meta":"","astra-migrate-meta-layouts":"default","ast-page-background-enabled":"default","ast-page-background-meta":{"desktop":{"background-color":"var(--ast-global-color-4)","background-image":"","background-repeat":"repeat","background-position":"center center","background-size":"auto","background-attachment":"scroll","background-type":"","background-media":"","overlay-type":"","overlay-color":"","overlay-opacity":"","overlay-gradient":""},"tablet":{"background-color":"","background-image":"","background-repeat":"repeat","background-position":"center center","background-size":"auto","background-attachment":"scroll","background-type":"","background-media":"","overlay-type":"","overlay-color":"","overlay-opacity":"","overlay-gradient":""},"mobile":{"background-color":"","background-image":"","background-repeat":"repeat","background-position":"center center","background-size":"auto","background-attachment":"scroll","background-type":"","background-media":"","overlay-type":"","overlay-color":"","overlay-opacity":"","overlay-gradient":""}},"ast-content-background-meta":{"desktop":{"background-color":"var(--ast-global-color-5)","background-image":"","background-repeat":"repeat","background-position":"center center","background-size":"auto","background-attachment":"scroll","background-type":"","background-media":"","overlay-type":"","overlay-color":"","overlay-opacity":"","overlay-gradient":""},"tablet":{"background-color":"var(--ast-global-color-5)","background-image":"","background-repeat":"repeat","background-position":"center center","background-size":"auto","background-attachment":"scroll","background-type":"","background-media":"","overlay-type":"","overlay-color":"","overlay-opacity":"","overlay-gradient":""},"mobile":{"background-color":"var(--ast-global-color-5)","background-image":"","background-repeat":"repeat","background-position":"center center","background-size":"auto","background-attachment":"scroll","background-type":"","background-media":"","overlay-type":"","overlay-color":"","overlay-opacity":"","overlay-gradient":""}},"iawp_total_views":9,"footnotes":""},"class_list":["post-305","page","type-page","status-publish","hentry"],"_links":{"self":[{"href":"https:\/\/www.lufo-info-day.de\/index.php\/wp-json\/wp\/v2\/pages\/305","targetHints":{"allow":["GET"]}}],"collection":[{"href":"https:\/\/www.lufo-info-day.de\/index.php\/wp-json\/wp\/v2\/pages"}],"about":[{"href":"https:\/\/www.lufo-info-day.de\/index.php\/wp-json\/wp\/v2\/types\/page"}],"author":[{"embeddable":true,"href":"https:\/\/www.lufo-info-day.de\/index.php\/wp-json\/wp\/v2\/users\/1"}],"replies":[{"embeddable":true,"href":"https:\/\/www.lufo-info-day.de\/index.php\/wp-json\/wp\/v2\/comments?post=305"}],"version-history":[{"count":2,"href":"https:\/\/www.lufo-info-day.de\/index.php\/wp-json\/wp\/v2\/pages\/305\/revisions"}],"predecessor-version":[{"id":308,"href":"https:\/\/www.lufo-info-day.de\/index.php\/wp-json\/wp\/v2\/pages\/305\/revisions\/308"}],"wp:attachment":[{"href":"https:\/\/www.lufo-info-day.de\/index.php\/wp-json\/wp\/v2\/media?parent=305"}],"curies":[{"name":"wp","href":"https:\/\/api.w.org\/{rel}","templated":true}]}}